it of q?
7
Let k(t) = 4 + 25 - 22*t - 20 + 2*t**2 + 33 + 16. What is the units digit of k(25)?
8
Let v(i) = 1 - i**2 + 2*i**2 + 1. Suppose -7*r + 2*r - 65 = -5*a, -28 = r - 4*a. What is the tens digit of v(r)?
6
Let d(a) = 2*a**2 + 17*a - 19. Let z = -46 + 49. Suppose 0 = -j - z - 10. What is the units digit of d(j)?
8
Suppose 12 = 3*p, -10805 = -t - 4*t + 5*p. Suppose -421 = -3*o + t. What is the tens digit of o?
6
Let z = -21 - -34. Suppose -z + 8 = -t. Suppose -5*h = 5*d - 224 - 16, -d = -t*h + 270. What is the units digit of h?
3
Suppose 11*n - 16912 = 25955. What is the thousands digit of n?
3
Let u(n) be the third derivative of n**5/60 + 13*n**4/12 + n**3/3 - 4*n**2. Let s = -203 - -175. What is the units digit of u(s)?
8
Let c = 109388 - 68817. What is the thousands digit of c?
0
Suppose -43*o = -18*o + 50. What is the units digit of 4/o + -1 + 229?
6
Let z(n) = 803*n + 3669. What is the thousands digit of z(59)?
1
Let g(n) = 3*n**2 + 12*n + 12. Let p(h) = -13 + 5*h**2 - 12*h - 9*h**2 + h**2 - h**2. Let u(x) = 3*g(x) + 2*p(x). What is the tens digit of u(-16)?
7
Let n(a) = a**2 - 2*a - 82. Let i be n(-19). Let j = 128 + i. What is the units digit of j?
5
Let q(f) = 2*f**2 + 4*f - 1. Let z be q(-3). Let s(w) = 10*w - 22. Let g be s(z). Suppose 2*x - 2*a = g, -x - 5 = -2*a - 23. What is the tens digit of x?
1
Let q = 7 + -6. Let z(a) = -a + 3. Let r be z(q). Suppose -r*n = 5*w - 129, 5*n - 3*n + 4*w = 130. What is the units digit of n?
7
Suppose -196974 = -0*b - 5*b + 4*c, -3*c - 118188 = -3*b. What is the units digit of b?
0
Let a = 465 - -95. Let r be 84/70*a/6. What is the hundreds digit of r - (9/(-12) - (-14)/8)?
1
Let x(z) = -2*z**3 - 21*z**2 - 23*z + 1. Suppose 36 = -4*k + 4*p, 3*p = 2*k + 6*p + 28. What is the tens digit of x(k)?
7
Let q = -34 + 46. Let x be ((-75)/(-2))/((-2)/q). What is the tens digit of ((-28)/(-10))/((-9)/x)?
7
Let d(v) = -7*v + 194. Let z be d(27). Suppose 2*m + 3*y - 157 = 496, -3*y + 1628 = z*m. What is the hundreds digit of m?
3
Let a(i) = 9*i**2 + 2*i - 4. Let h be a(1). Suppose 8*f - 25 = h*f. What is the tens digit of f?
2
Suppose 0 = 6*u - u + 16*u - 512022. What is the units digit of u?
2
What is the units digit of (7071 - 2) + 1*(-5 + 4 - 0)?
8
What is the hundreds digit of 8018/2 + 35*24/(-120)?
0
Let p(q) = -1567*q**3 - q**2 - 8*q + 16. Let b(a) = -522*a**3 - 3*a + 5. Let f(y) = -7*b(y) + 2*p(y). What is the units digit of f(1)?
0
Suppose -10252 = -2*p - 2*v, 4*p - 5*p + 5126 = 4*v. What is the thousands digit of p?
5
Suppose -1023607 + 1172156 = 189*q - 2133248. What is the tens digit of q?
7
Suppose 2319047 = 58*b + 528239. What is the ten thousands digit of b?
3
Let g = 7623 + -7527. What is the tens digit of g?
9
Let a(s) be the second derivative of -s**5/20 - 7*s**4/4 + 2*s**3 - 13*s**2 + 25*s. Let h be a(-22). Let x = h + -115. What is the tens digit of x?
7
Suppose 4*j + 3*f = 23, 5*f + 3 = j + 26. Suppose -2*x - 4 = r, -15 = 5*x - r + j. Let y(t) = -4*t + 3. What is the units digit of y(x)?
5
Let p(b) = 9*b**2 - 5*b + 5. Let w be p(4). Let j(o) = o**3 + 13*o**2 - 2*o - 16. Let i be j(-11). Let y = i - w. What is the tens digit of y?
1
Let p be 90/(-18)*3/5. What is the hundreds digit of (0 - p)*(496 - 182/(-14))?
5
Suppose d + y - 7115 = -4*d, 4*d - 5668 = 4*y. What is the hundreds digit of d?
4
Let g(o) = -9*o - 17 + 10*o + 12*o + o**2 + 5. Let z be g(8). Suppose -k + z - 3 = 0. What is the units digit of k?
3
Let o(w) = 16*w**3 - w**2 - 89*w + 851. What is the hundreds digit of o(9)?
6
Let z = 17 - 14. Let u be (76/z)/(2/30). Suppose -4*m + u = 52. What is the tens digit of m?
8
Suppose -5*j + 20 + 0 = 0. Let t(k) be the second derivative of k**4/4 + k**3/6 - 3*k**2/2 - 179*k. What is the units digit of t(j)?
9
Suppose z = -126 + 127, -2*z = 3*s - 6254. What is the hundreds digit of s?
0
Let x(j) = -j**3 + 29*j**2 + 12*j - 4. Let q = -347 - -376. What is the tens digit of x(q)?
4
Suppose 90*i - 64*i = 130. Let w(g) = 2*g**3 + 3*g**2 - 10*g + 1. Let v be w(7). What is the hundreds digit of (-5)/(-25) + v/i?
1
Suppose -3*y + 56 = 8. Let j = y + -11. Suppose -4*m + 444 = -0*m - j*s, m - 3*s - 104 = 0. What is the tens digit of m?
1
Let b(w) = 6*w**2 + 78*w + 1791. What is the units digit of b(-44)?
5
Let y be 234324/14 - 81/189. Suppose 62*n - y = 41*n. What is the units digit of n?
7
Suppose 0*k - 4*k + 20260 = -b, -3*k = 4*b - 15214. What is the hundreds digit of k?
0
What is the hundreds digit of -3 - (-3)/((6/(-177575))/((-96)/120))?
0
Let y be ((-20)/(-8) - -3)/(5/10). Let j(u) = u**2 - 12*u + 7. Let l be j(y). What is the units digit of ((-60)/(-7))/((l/21)/(-4))?
0
Let p(c) be the first derivative of -11*c**2 + 1447*c + 16. What is the tens digit of p(0)?
4
Let l(k) = -4*k**2 + 21*k - 86. Let y be l(8). Let m = -29 - y. What is the units digit of m?
5
What is the tens digit of 60/390 + 31742/26?
2
Suppose 0 = -3*a - 6, -4*m - 2*a + 33439 = -12345. What is the units digit of m?
7
Let a(y) = y**2 + 18*y + 21. Let j be a(-17). Suppose 5*m + j*v - 1208 = 898, v = -m + 422. What is the tens digit of m?
1
Let h(l) = -1 + 48 - 9 - l. What is the units digit of h(-6)?
4
Let j(f) = 18*f - 34. Suppose 6 = -3*v + 24. Suppose 6*m - 54 = -v. What is the hundreds digit of j(m)?
1
Let g(c) be the second derivative of -c**4/12 + 49*c**3/6 - 6*c**2 + 8*c - 1. What is the hundreds digit of g(11)?
4
Suppose 0 = -3*c - 30*z + 29*z + 45657, -2*c = z - 30439. What is the tens digit of c?
1
Suppose u = -4*u + 10, -3*s - 5*u = 2318. Let i = s - -857. What is the tens digit of i?
8
Suppose -5*d = n - 4799, -24047 = -5*n + 49*d - 48*d. What is the units digit of n?
9
Suppose 2237*i = 2258*i - 1633821. What is the units digit of i?
1
Let g(z) = -12*z - 128. Let c be g(33). Let y = c + 952. What is the units digit of y?
8
Let l = -993 - -2429. Let k = l - 815. What is the hundreds digit of k?
6
Let l be (-2)/9*(-10)/(40/18). What is the tens digit of l/(10/(-8))*-65 + -2?
5
Let c(u) = 29*u**3 - 23*u**2 - 7. What is the tens digit of c(7)?
1
Let p = 44344 + -23747. What is the ten thousands digit of p?
2
Let d(l) = -7*l**2 + 23*l - 1. Let j = -34 - -29. Let f be d(j). Let m = f + 414. What is the hundreds digit of m?
1
Let h be (0 + 1*(-1 + 0))/1. Let g be -3*(31 - 0)*h. Let c = g + -58. What is the units digit of c?
5
Let t be (80 + -2)*(-5)/(-10). Suppose -t = 7*g - 11. What is the units digit of g/42 + 5464/42?
0
Let k = -24 + 120. Suppose -150*s + 149*s + k = 0. What is the tens digit of s?
9
Let r be 12/(-3) - 8/(-2). Suppose r = 7*g - 3*g + 344. Let x = -70 - g. What is the units digit of x?
6
Let c(y) = 6076*y - 60. What is the hundreds digit of c(1)?
0
Suppose -w - 7 - 18 = 0. What is the units digit of ((-120)/w + -4)/((-1)/(-50))?
0
Let b = 36 - 21. Suppose b = l - 11. Suppose -2*j + 6 = -4*a - 52, -l = -j - a. What is the tens digit of j?
2
What is the hundreds digit of 1 + 22 - (-16091 - 42)?
1
Let c = -49 + 85. Suppose -46*j = -44*j + 2. Let q = c - j. What is the tens digit of q?
3
Let v = -393 + 1099. Let s = 1439 - v. What is the hundreds digit of s?
7
Let w(g) = -g**3 - 6*g**2 - 5*g - 28. Let y be w(-6). Let d be ((-105)/y)/(-5)*(-4)/(-2). What is the tens digit of 2/((-14)/(-765)) - 6/d?
0
Suppose -3*s - 24 + 51 = 0. Suppose 16*l = -s*l + 7475. What is the units digit of l?
9
Let q = -101 + 115. Suppose 68*c = q*c + 100332. What is the tens digit of c?
5
Let y = 9 + 7. Suppose -4*g = -24 - y. Suppose -l - g = -14. What is the units digit of l?
4
Let g = 9 + -11. Let s be 4 + 6/g - -1. Suppose 0 = -s*p - 8 + 12. What is the units digit of p?
2
Let c(k) be the second derivative of k**3/3 - 8*k**2 - 21*k. Let a be c(8). Suppose 3*v + 2*x - 457 = 0, -x + 6 - 1 = a. What is the hundreds digit of v?
1
Let t = -705 - -280. Let y be (-1)/(-7) + t/35. What is the units digit of ((-46)/3)/(y/90)?
5
Let f(o) = 3 - 7 + 5 + 9*o. Let v be f(2). Suppose -v = -2*m + 3. What is the tens digit of m?
1
Suppose 0 = 4*y + f + 3*f - 20, 2*y + f - 13 = 0. Let r(l) = -2*l**2 + 16*l + 3. Let m be r(y). What is the units digit of (m - 141/4)/(6/(-16))?
6
Let n = 15 - -27. Let s be (-1)/(((-6)/63)/((-72)/n)). What is the units digit of (261/s)/(5/(-2) - -2)?
9
Let l be (-84)/(-3)*(-1)/(-2). Suppose l*j = 11*j + 60. S